{"id":3673,"date":"2026-02-06T10:30:17","date_gmt":"2026-02-06T09:30:17","guid":{"rendered":"https:\/\/enjoycatalonia.com\/tours\/3-dies-al-pirineu-aragones-la-jacetania-i-les-valls-de-fet-i-anso\/"},"modified":"2026-03-03T10:47:47","modified_gmt":"2026-03-03T09:47:47","slug":"3-dies-al-pirineu-aragones-la-jacetania-i-les-valls-de-fet-i-anso","status":"publish","type":"product","link":"https:\/\/enjoycatalonia.com\/ca\/tours\/3-dies-al-pirineu-aragones-la-jacetania-i-les-valls-de-fet-i-anso\/","title":{"rendered":"3 dies al Pirineu aragon\u00e8s: la Jacetania i les Valls de Fet i Ans\u00f3"},"content":{"rendered":"<div>\n<p>Una escapada de <strong>tres dies (2 nits) al cor del Pirineu aragon\u00e8s<\/strong> amb allotjament en un <strong>hotel-spa de 4 estrelles<\/strong> a prop de Jaca amb vistes incre\u00efbles de la comarca en r\u00e8gim de mitja pensi\u00f3 (esmorzar i sopar) per descobrir i gaudir de la <strong>Jacetania<\/strong> , la bonica <strong>comarca que s&#8217;est\u00e9n al voltant de Jaca<\/strong> , la petita gran ciutat del Pirineu. Tres dies per gaudir de <strong>Jaca<\/strong> ; les <strong>valls de Fet i Ans\u00f3<\/strong> ; el m\u00edtic <strong>monestir de Sant Joan de la Penya<\/strong> ; <strong>Canfranc<\/strong> i la seva hist\u00f2rica estaci\u00f3, reconvertida en un hotel lux\u00f3s; <strong>petits i pintorescos pobles de muntanya<\/strong> : <strong>Ans\u00f3<\/strong> , <strong>Echo<\/strong> , <strong>Santa Creu de la Ser\u00f3s<\/strong> , etc.<\/p>\n<\/div>\n<div>\n<p><strong>Principals atractius del viatge:<\/strong><br \/>\n<strong>1-<\/strong> Descobrir Jaca, la petita gran ciutat del Pirineu central<br \/>\n<strong>2-<\/strong> Gaudir de les valls de Fet i Ans\u00f3, amb bonics paisatges i poblets molt pintorescos<br \/>\n<strong>3-<\/strong> Visitar el m\u00edtic monestir de Sant Joan de la Penya, situat en un enclavament m\u00e0gic<br \/>\n<strong>4-<\/strong> Aproximar-nos a la fascinant hist\u00f2ria de Canfranc, antiga estaci\u00f3 internacional reconvertida en lux\u00f3s hotel<\/p>\n<p><strong>5-<\/strong> Desconnectar i relaxar-se en un entorn natural \u00fanic amb companyia de gent agradable (l&#8217;hotel t\u00e9 piscina i ofereix serveis de spa).<\/p>\n<\/div>\n","protected":false},"excerpt":{"rendered":"<p>Una escapada de tres dies (2 nits) al cor del Pirineu aragon\u00e8s amb allotjament en un hotel-spa de 4 estrelles a prop de Jaca amb vistes incre\u00efbles de la comarca en r\u00e8gim de mitja pensi\u00f3 (esmorzar i sopar) per descobrir i gaudir de la Jacetania , la bonica comarca que s&#8217;est\u00e9n al voltant de Jaca [&hellip;]<\/p>\n","protected":false},"featured_media":3674,"template":"","meta":{"_acf_changed":false},"product_brand":[],"product_cat":[62],"product_tag":[],"class_list":{"0":"post-3673","1":"product","2":"type-product","3":"status-publish","4":"has-post-thumbnail","6":"product_cat-viatges-passats","7":"tm-has-options","9":"first","10":"instock","11":"shipping-taxable","12":"product-type-simple"},"acf":[],"yoast_head":"<!-- This site is optimized with the Yoast SEO plugin v27.2 - https:\/\/yoast.com\/product\/yoast-seo-wordpress\/ -->\n<title>3 dies al Pirineu aragon\u00e8s: la Jacetania i les Valls de Fet i Ans\u00f3 - Enjoy Catalonia<\/title>\n<meta name=\"robots\" content=\"index, follow, max-snippet:-1, max-image-preview:large, max-video-preview:-1\" \/>\n<link rel=\"canonical\" href=\"https:\/\/enjoycatalonia.com\/ca\/tours\/3-dies-al-pirineu-aragones-la-jacetania-i-les-valls-de-fet-i-anso\/\" \/>\n<meta property=\"og:locale\" content=\"ca_ES\" \/>\n<meta property=\"og:type\" content=\"article\" \/>\n<meta property=\"og:title\" content=\"3 dies al Pirineu aragon\u00e8s: la Jacetania i les Valls de Fet i Ans\u00f3 - Enjoy Catalonia\" \/>\n<meta property=\"og:description\" content=\"Una escapada de tres dies (2 nits) al cor del Pirineu aragon\u00e8s amb allotjament en un hotel-spa de 4 estrelles a prop de Jaca amb vistes incre\u00efbles de la comarca en r\u00e8gim de mitja pensi\u00f3 (esmorzar i sopar) per descobrir i gaudir de la Jacetania , la bonica comarca que s&#8217;est\u00e9n al voltant de Jaca [&hellip;]\" \/>\n<meta property=\"og:url\" content=\"https:\/\/enjoycatalonia.com\/ca\/tours\/3-dies-al-pirineu-aragones-la-jacetania-i-les-valls-de-fet-i-anso\/\" \/>\n<meta property=\"og:site_name\" content=\"Enjoy Catalonia\" \/>\n<meta property=\"article:modified_time\" content=\"2026-03-03T09:47:47+00:00\" \/>\n<meta property=\"og:image\" content=\"https:\/\/enjoycatalonia.com\/wp-content\/uploads\/2026\/02\/Img_62095-1.jpg\" \/>\n\t<meta property=\"og:image:width\" content=\"1500\" \/>\n\t<meta property=\"og:image:height\" content=\"945\" \/>\n\t<meta property=\"og:image:type\" content=\"image\/jpeg\" \/>\n<meta name=\"twitter:card\" content=\"summary_large_image\" \/>\n<meta name=\"twitter:label1\" content=\"Temps estimat de lectura\" \/>\n\t<meta name=\"twitter:data1\" content=\"2 minuts\" \/>\n<script type=\"application\/ld+json\" class=\"yoast-schema-graph\">{\"@context\":\"https:\/\/schema.org\",\"@graph\":[{\"@type\":\"WebPage\",\"@id\":\"https:\/\/enjoycatalonia.com\/ca\/tours\/3-dies-al-pirineu-aragones-la-jacetania-i-les-valls-de-fet-i-anso\/\",\"url\":\"https:\/\/enjoycatalonia.com\/ca\/tours\/3-dies-al-pirineu-aragones-la-jacetania-i-les-valls-de-fet-i-anso\/\",\"name\":\"3 dies al Pirineu aragon\u00e8s: la Jacetania i les Valls de Fet i Ans\u00f3 - Enjoy Catalonia\",\"isPartOf\":{\"@id\":\"https:\/\/enjoycatalonia.com\/ca\/#website\"},\"primaryImageOfPage\":{\"@id\":\"https:\/\/enjoycatalonia.com\/ca\/tours\/3-dies-al-pirineu-aragones-la-jacetania-i-les-valls-de-fet-i-anso\/#primaryimage\"},\"image\":{\"@id\":\"https:\/\/enjoycatalonia.com\/ca\/tours\/3-dies-al-pirineu-aragones-la-jacetania-i-les-valls-de-fet-i-anso\/#primaryimage\"},\"thumbnailUrl\":\"https:\/\/enjoycatalonia.com\/wp-content\/uploads\/2026\/02\/Img_62095-1.jpg\",\"datePublished\":\"2026-02-06T09:30:17+00:00\",\"dateModified\":\"2026-03-03T09:47:47+00:00\",\"breadcrumb\":{\"@id\":\"https:\/\/enjoycatalonia.com\/ca\/tours\/3-dies-al-pirineu-aragones-la-jacetania-i-les-valls-de-fet-i-anso\/#breadcrumb\"},\"inLanguage\":\"ca\",\"potentialAction\":[{\"@type\":\"ReadAction\",\"target\":[\"https:\/\/enjoycatalonia.com\/ca\/tours\/3-dies-al-pirineu-aragones-la-jacetania-i-les-valls-de-fet-i-anso\/\"]}]},{\"@type\":\"ImageObject\",\"inLanguage\":\"ca\",\"@id\":\"https:\/\/enjoycatalonia.com\/ca\/tours\/3-dies-al-pirineu-aragones-la-jacetania-i-les-valls-de-fet-i-anso\/#primaryimage\",\"url\":\"https:\/\/enjoycatalonia.com\/wp-content\/uploads\/2026\/02\/Img_62095-1.jpg\",\"contentUrl\":\"https:\/\/enjoycatalonia.com\/wp-content\/uploads\/2026\/02\/Img_62095-1.jpg\",\"width\":1500,\"height\":945},{\"@type\":\"BreadcrumbList\",\"@id\":\"https:\/\/enjoycatalonia.com\/ca\/tours\/3-dies-al-pirineu-aragones-la-jacetania-i-les-valls-de-fet-i-anso\/#breadcrumb\",\"itemListElement\":[{\"@type\":\"ListItem\",\"position\":1,\"name\":\"Portada\",\"item\":\"https:\/\/enjoycatalonia.com\/ca\/\"},{\"@type\":\"ListItem\",\"position\":2,\"name\":\"Botiga\",\"item\":\"https:\/\/enjoycatalonia.com\/tienda\/\"},{\"@type\":\"ListItem\",\"position\":3,\"name\":\"3 dies al Pirineu aragon\u00e8s: la Jacetania i les Valls de Fet i Ans\u00f3\"}]},{\"@type\":\"WebSite\",\"@id\":\"https:\/\/enjoycatalonia.com\/ca\/#website\",\"url\":\"https:\/\/enjoycatalonia.com\/ca\/\",\"name\":\"Enjoy Catalonia\",\"description\":\"\",\"potentialAction\":[{\"@type\":\"SearchAction\",\"target\":{\"@type\":\"EntryPoint\",\"urlTemplate\":\"https:\/\/enjoycatalonia.com\/ca\/?s={search_term_string}\"},\"query-input\":{\"@type\":\"PropertyValueSpecification\",\"valueRequired\":true,\"valueName\":\"search_term_string\"}}],\"inLanguage\":\"ca\"}]}<\/script>\n<!-- \/ Yoast SEO plugin. -->","yoast_head_json":{"title":"3 dies al Pirineu aragon\u00e8s: la Jacetania i les Valls de Fet i Ans\u00f3 - Enjoy Catalonia","robots":{"index":"index","follow":"follow","max-snippet":"max-snippet:-1","max-image-preview":"max-image-preview:large","max-video-preview":"max-video-preview:-1"},"canonical":"https:\/\/enjoycatalonia.com\/ca\/tours\/3-dies-al-pirineu-aragones-la-jacetania-i-les-valls-de-fet-i-anso\/","og_locale":"ca_ES","og_type":"article","og_title":"3 dies al Pirineu aragon\u00e8s: la Jacetania i les Valls de Fet i Ans\u00f3 - Enjoy Catalonia","og_description":"Una escapada de tres dies (2 nits) al cor del Pirineu aragon\u00e8s amb allotjament en un hotel-spa de 4 estrelles a prop de Jaca amb vistes incre\u00efbles de la comarca en r\u00e8gim de mitja pensi\u00f3 (esmorzar i sopar) per descobrir i gaudir de la Jacetania , la bonica comarca que s&#8217;est\u00e9n al voltant de Jaca [&hellip;]","og_url":"https:\/\/enjoycatalonia.com\/ca\/tours\/3-dies-al-pirineu-aragones-la-jacetania-i-les-valls-de-fet-i-anso\/","og_site_name":"Enjoy Catalonia","article_modified_time":"2026-03-03T09:47:47+00:00","og_image":[{"width":1500,"height":945,"url":"https:\/\/enjoycatalonia.com\/wp-content\/uploads\/2026\/02\/Img_62095-1.jpg","type":"image\/jpeg"}],"twitter_card":"summary_large_image","twitter_misc":{"Temps estimat de lectura":"2 minuts"},"schema":{"@context":"https:\/\/schema.org","@graph":[{"@type":"WebPage","@id":"https:\/\/enjoycatalonia.com\/ca\/tours\/3-dies-al-pirineu-aragones-la-jacetania-i-les-valls-de-fet-i-anso\/","url":"https:\/\/enjoycatalonia.com\/ca\/tours\/3-dies-al-pirineu-aragones-la-jacetania-i-les-valls-de-fet-i-anso\/","name":"3 dies al Pirineu aragon\u00e8s: la Jacetania i les Valls de Fet i Ans\u00f3 - Enjoy Catalonia","isPartOf":{"@id":"https:\/\/enjoycatalonia.com\/ca\/#website"},"primaryImageOfPage":{"@id":"https:\/\/enjoycatalonia.com\/ca\/tours\/3-dies-al-pirineu-aragones-la-jacetania-i-les-valls-de-fet-i-anso\/#primaryimage"},"image":{"@id":"https:\/\/enjoycatalonia.com\/ca\/tours\/3-dies-al-pirineu-aragones-la-jacetania-i-les-valls-de-fet-i-anso\/#primaryimage"},"thumbnailUrl":"https:\/\/enjoycatalonia.com\/wp-content\/uploads\/2026\/02\/Img_62095-1.jpg","datePublished":"2026-02-06T09:30:17+00:00","dateModified":"2026-03-03T09:47:47+00:00","breadcrumb":{"@id":"https:\/\/enjoycatalonia.com\/ca\/tours\/3-dies-al-pirineu-aragones-la-jacetania-i-les-valls-de-fet-i-anso\/#breadcrumb"},"inLanguage":"ca","potentialAction":[{"@type":"ReadAction","target":["https:\/\/enjoycatalonia.com\/ca\/tours\/3-dies-al-pirineu-aragones-la-jacetania-i-les-valls-de-fet-i-anso\/"]}]},{"@type":"ImageObject","inLanguage":"ca","@id":"https:\/\/enjoycatalonia.com\/ca\/tours\/3-dies-al-pirineu-aragones-la-jacetania-i-les-valls-de-fet-i-anso\/#primaryimage","url":"https:\/\/enjoycatalonia.com\/wp-content\/uploads\/2026\/02\/Img_62095-1.jpg","contentUrl":"https:\/\/enjoycatalonia.com\/wp-content\/uploads\/2026\/02\/Img_62095-1.jpg","width":1500,"height":945},{"@type":"BreadcrumbList","@id":"https:\/\/enjoycatalonia.com\/ca\/tours\/3-dies-al-pirineu-aragones-la-jacetania-i-les-valls-de-fet-i-anso\/#breadcrumb","itemListElement":[{"@type":"ListItem","position":1,"name":"Portada","item":"https:\/\/enjoycatalonia.com\/ca\/"},{"@type":"ListItem","position":2,"name":"Botiga","item":"https:\/\/enjoycatalonia.com\/tienda\/"},{"@type":"ListItem","position":3,"name":"3 dies al Pirineu aragon\u00e8s: la Jacetania i les Valls de Fet i Ans\u00f3"}]},{"@type":"WebSite","@id":"https:\/\/enjoycatalonia.com\/ca\/#website","url":"https:\/\/enjoycatalonia.com\/ca\/","name":"Enjoy Catalonia","description":"","potentialAction":[{"@type":"SearchAction","target":{"@type":"EntryPoint","urlTemplate":"https:\/\/enjoycatalonia.com\/ca\/?s={search_term_string}"},"query-input":{"@type":"PropertyValueSpecification","valueRequired":true,"valueName":"search_term_string"}}],"inLanguage":"ca"}]}},"_links":{"self":[{"href":"https:\/\/enjoycatalonia.com\/ca\/wp-json\/wp\/v2\/product\/3673","targetHints":{"allow":["GET"]}}],"collection":[{"href":"https:\/\/enjoycatalonia.com\/ca\/wp-json\/wp\/v2\/product"}],"about":[{"href":"https:\/\/enjoycatalonia.com\/ca\/wp-json\/wp\/v2\/types\/product"}],"wp:featuredmedia":[{"embeddable":true,"href":"https:\/\/enjoycatalonia.com\/ca\/wp-json\/wp\/v2\/media\/3674"}],"wp:attachment":[{"href":"https:\/\/enjoycatalonia.com\/ca\/wp-json\/wp\/v2\/media?parent=3673"}],"wp:term":[{"taxonomy":"product_brand","embeddable":true,"href":"https:\/\/enjoycatalonia.com\/ca\/wp-json\/wp\/v2\/product_brand?post=3673"},{"taxonomy":"product_cat","embeddable":true,"href":"https:\/\/enjoycatalonia.com\/ca\/wp-json\/wp\/v2\/product_cat?post=3673"},{"taxonomy":"product_tag","embeddable":true,"href":"https:\/\/enjoycatalonia.com\/ca\/wp-json\/wp\/v2\/product_tag?post=3673"}],"curies":[{"name":"wp","href":"https:\/\/api.w.org\/{rel}","templated":true}]}}

3 dies al Pirineu aragonès: la Jacetania i les Valls de Fet i Ansó

<div>
<p>Una escapada de <strong>tres dies (2 nits) al cor del Pirineu aragonès</strong> amb allotjament en un <strong>hotel-spa de 4 estrelles</strong> a prop de Jaca amb vistes increïbles de la comarca en règim de mitja pensió (esmorzar i sopar) per descobrir i gaudir de la <strong>Jacetania</strong> , la bonica <strong>comarca que s&#8217;estén al voltant de Jaca</strong> , la petita gran ciutat del Pirineu. Tres dies per gaudir de <strong>Jaca</strong> ; les <strong>valls de Fet i Ansó</strong> ; el mític <strong>monestir de Sant Joan de la Penya</strong> ; <strong>Canfranc</strong> i la seva històrica estació, reconvertida en un hotel luxós; <strong>petits i pintorescos pobles de muntanya</strong> : <strong>Ansó</strong> , <strong>Echo</strong> , <strong>Santa Creu de la Serós</strong> , etc.</p>
</div>
<div>
<p><strong>Principals atractius del viatge:</strong><br />
<strong>1-</strong> Descobrir Jaca, la petita gran ciutat del Pirineu central<br />
<strong>2-</strong> Gaudir de les valls de Fet i Ansó, amb bonics paisatges i poblets molt pintorescos<br />
<strong>3-</strong> Visitar el mític monestir de Sant Joan de la Penya, situat en un enclavament màgic<br />
<strong>4-</strong> Aproximar-nos a la fascinant història de Canfranc, antiga estació internacional reconvertida en luxós hotel</p>
<p><strong>5-</strong> Desconnectar i relaxar-se en un entorn natural únic amb companyia de gent agradable (l&#8217;hotel té piscina i ofereix serveis de spa).</p>
</div>

<p>Una escapada de tres dies (2 nits) al cor del Pirineu aragonès amb allotjament en un hotel-spa de 4 estrelles a prop de Jaca amb vistes increïbles de la comarca en règim de mitja pensió (esmorzar i sopar) per descobrir i gaudir de la Jacetania , la bonica comarca que s&#8217;estén al voltant de Jaca [&hellip;]</p>

<!-- This site is optimized with the Yoast SEO plugin v27.2 - https://yoast.com/product/yoast-seo-wordpress/ -->
<title>3 dies al Pirineu aragonès: la Jacetania i les Valls de Fet i Ansó - Enjoy Catalonia</title>
<meta name="robots" content="index, follow, max-snippet:-1, max-image-preview:large, max-video-preview:-1" />
<link rel="canonical" href="https://enjoycatalonia.com/ca/tours/3-dies-al-pirineu-aragones-la-jacetania-i-les-valls-de-fet-i-anso/" />
<meta property="og:locale" content="ca_ES" />
<meta property="og:type" content="article" />
<meta property="og:title" content="3 dies al Pirineu aragonès: la Jacetania i les Valls de Fet i Ansó - Enjoy Catalonia" />
<meta property="og:description" content="Una escapada de tres dies (2 nits) al cor del Pirineu aragonès amb allotjament en un hotel-spa de 4 estrelles a prop de Jaca amb vistes increïbles de la comarca en règim de mitja pensió (esmorzar i sopar) per descobrir i gaudir de la Jacetania , la bonica comarca que s&#8217;estén al voltant de Jaca [&hellip;]" />
<meta property="og:url" content="https://enjoycatalonia.com/ca/tours/3-dies-al-pirineu-aragones-la-jacetania-i-les-valls-de-fet-i-anso/" />
<meta property="og:site_name" content="Enjoy Catalonia" />
<meta property="article:modified_time" content="2026-03-03T09:47:47+00:00" />
<meta property="og:image" content="https://enjoycatalonia.com/wp-content/uploads/2026/02/Img_62095-1.jpg" />
	<meta property="og:image:width" content="1500" />
	<meta property="og:image:height" content="945" />
	<meta property="og:image:type" content="image/jpeg" />
<meta name="twitter:card" content="summary_large_image" />
<meta name="twitter:label1" content="Temps estimat de lectura" />
	<meta name="twitter:data1" content="2 minuts" />
<script type="application/ld+json" class="yoast-schema-graph">{"@context":"https://schema.org","@graph":[{"@type":"WebPage","@id":"https://enjoycatalonia.com/ca/tours/3-dies-al-pirineu-aragones-la-jacetania-i-les-valls-de-fet-i-anso/","url":"https://enjoycatalonia.com/ca/tours/3-dies-al-pirineu-aragones-la-jacetania-i-les-valls-de-fet-i-anso/","name":"3 dies al Pirineu aragonès: la Jacetania i les Valls de Fet i Ansó - Enjoy Catalonia","isPartOf":{"@id":"https://enjoycatalonia.com/ca/#website"},"primaryImageOfPage":{"@id":"https://enjoycatalonia.com/ca/tours/3-dies-al-pirineu-aragones-la-jacetania-i-les-valls-de-fet-i-anso/#primaryimage"},"image":{"@id":"https://enjoycatalonia.com/ca/tours/3-dies-al-pirineu-aragones-la-jacetania-i-les-valls-de-fet-i-anso/#primaryimage"},"thumbnailUrl":"https://enjoycatalonia.com/wp-content/uploads/2026/02/Img_62095-1.jpg","datePublished":"2026-02-06T09:30:17+00:00","dateModified":"2026-03-03T09:47:47+00:00","breadcrumb":{"@id":"https://enjoycatalonia.com/ca/tours/3-dies-al-pirineu-aragones-la-jacetania-i-les-valls-de-fet-i-anso/#breadcrumb"},"inLanguage":"ca","potentialAction":[{"@type":"ReadAction","target":["https://enjoycatalonia.com/ca/tours/3-dies-al-pirineu-aragones-la-jacetania-i-les-valls-de-fet-i-anso/"]}]},{"@type":"ImageObject","inLanguage":"ca","@id":"https://enjoycatalonia.com/ca/tours/3-dies-al-pirineu-aragones-la-jacetania-i-les-valls-de-fet-i-anso/#primaryimage","url":"https://enjoycatalonia.com/wp-content/uploads/2026/02/Img_62095-1.jpg","contentUrl":"https://enjoycatalonia.com/wp-content/uploads/2026/02/Img_62095-1.jpg","width":1500,"height":945},{"@type":"BreadcrumbList","@id":"https://enjoycatalonia.com/ca/tours/3-dies-al-pirineu-aragones-la-jacetania-i-les-valls-de-fet-i-anso/#breadcrumb","itemListElement":[{"@type":"ListItem","position":1,"name":"Portada","item":"https://enjoycatalonia.com/ca/"},{"@type":"ListItem","position":2,"name":"Botiga","item":"https://enjoycatalonia.com/tienda/"},{"@type":"ListItem","position":3,"name":"3 dies al Pirineu aragonès: la Jacetania i les Valls de Fet i Ansó"}]},{"@type":"WebSite","@id":"https://enjoycatalonia.com/ca/#website","url":"https://enjoycatalonia.com/ca/","name":"Enjoy Catalonia","description":"","potentialAction":[{"@type":"SearchAction","target":{"@type":"EntryPoint","urlTemplate":"https://enjoycatalonia.com/ca/?s={search_term_string}"},"query-input":{"@type":"PropertyValueSpecification","valueRequired":true,"valueName":"search_term_string"}}],"inLanguage":"ca"}]}</script>
<!-- / Yoast SEO plugin. -->

3 dies al Pirineu aragonès: la Jacetania i les Valls de Fet i Ansó - Enjoy Catalonia

Una escapada de tres dies (2 nits) al cor del Pirineu aragonès amb allotjament en un hotel-spa de 4 estrelles a prop de Jaca amb vistes increïbles de la comarca en règim de mitja pensió (esmorzar i sopar) per descobrir i gaudir de la Jacetania , la bonica comarca que s&#8217;estén al voltant de Jaca [&hellip;]
